{"id":1250,"date":"2018-03-15T13:43:25","date_gmt":"2018-03-15T13:43:25","guid":{"rendered":"http:\/\/dummy.xtemos.com\/basel\/vers\/?page_id=1250"},"modified":"2026-03-11T13:05:44","modified_gmt":"2026-03-11T12:05:44","slug":"home-fashion-new","status":"publish","type":"page","link":"https:\/\/zvijezda-majoneza-brand-broj-1-u-hrvatskoj.zvijezda.hr\/","title":{"rendered":"Naslovnica"},"content":{"rendered":"<section class=\"wpb-content-wrapper\"><p>[vc_row el_class=&#8221;desktopim&#8221;][vc_column][vc_single_image image=&#8221;32088&#8243; img_size=&#8221;full&#8221; alignment=&#8221;center&#8221;][\/vc_column][\/vc_row][vc_row full_width=&#8221;stretch_row_content_no_spaces&#8221; el_class=&#8221;mobileim&#8221;][vc_column][vc_single_image image=&#8221;32087&#8243; img_size=&#8221;full&#8221; alignment=&#8221;center&#8221;][\/vc_column][\/vc_row][vc_row equal_height=&#8221;yes&#8221; content_placement=&#8221;middle&#8221;][vc_column width=&#8221;1\/2&#8243;][vc_single_image image=&#8221;32057&#8243; img_size=&#8221;full&#8221; alignment=&#8221;center&#8221;][\/vc_column][vc_column width=&#8221;1\/2&#8243;][vc_custom_heading text=&#8221;Zvijezda majoneza najsna\u017eniji je brand u Hrvatskoj&#8221; use_theme_fonts=&#8221;yes&#8221; el_class=&#8221;naslovzeleni&#8221;][vc_custom_heading text=&#8221;ponovno je prvo mjesto na BRANDscore listi zauzela Zvijezda majoneza!&#8221; font_container=&#8221;tag:div|text_align:left&#8221; use_theme_fonts=&#8221;yes&#8221; el_class=&#8221;malipodnaslov&#8221;][vc_column_text el_class=&#8221;tekst&#8221;]BRANDpuls je sindicirano istra\u017eivanje agencije Ipsos, koje pokazuje odnos potro\u0161a\u010da prema brandovima.\u00a0Ovogodi\u0161nje\u00a0istra\u017eivanje obuhvatilo je uzorak od <strong>\u010dak 1.311 brandova<\/strong> unutar 62 FMCG kategorija u Hrvatskoj.[\/vc_column_text][\/vc_column][\/vc_row][vc_row equal_height=&#8221;yes&#8221; content_placement=&#8221;middle&#8221;][vc_column width=&#8221;1\/2&#8243;][vc_custom_heading text=&#8221;Zvijezda majoneza pi\u0161e povijest od davne 1959. godine&#8221; use_theme_fonts=&#8221;yes&#8221; el_class=&#8221;naslovzeleni&#8221;][vc_column_text el_class=&#8221;tekst&#8221;]Prva majoneza proizvedena je davne 1959. godine. Pripremljena je po tradicionalnoj recepturi te ne sadr\u017ei konzervanse, dodane arome i stabilizatore. Njena kremasta tekstura i bogati okus osvajaju generacije pa je tako nezaobilazan dodatak svakom obroku.[\/vc_column_text][\/vc_column][vc_column width=&#8221;1\/2&#8243;][vc_single_image image=&#8221;32058&#8243; img_size=&#8221;full&#8221; alignment=&#8221;center&#8221;][\/vc_column][\/vc_row][vc_row][vc_column][vc_custom_heading text=&#8221;\u0160to drugi ka\u017eu o Zvijezda majonezi?&#8221; font_container=&#8221;tag:h2|text_align:center&#8221; use_theme_fonts=&#8221;yes&#8221; el_class=&#8221;naslovzeleni centar&#8221;]\t\t\t<link rel=\"stylesheet\" id=\"basel-lib-owl-carousel-css\" href=\"https:\/\/zvijezda-majoneza-brand-broj-1-u-hrvatskoj.zvijezda.hr\/wp-content\/themes\/basel\/css\/parts\/lib-owl-carousel.min.css?ver=5.6.1\" type=\"text\/css\" media=\"all\" \/> \t\t\t\t\t\t<link rel=\"stylesheet\" id=\"basel-el-testimonials-css\" href=\"https:\/\/zvijezda-majoneza-brand-broj-1-u-hrvatskoj.zvijezda.hr\/wp-content\/themes\/basel\/css\/parts\/el-testimonials.min.css?ver=5.6.1\" type=\"text\/css\" media=\"all\" \/> \t\t\t\t\t\t<div id=\"carousel-8230\" class=\"testimonials-wrapper\" data-owl-carousel data-wrap=\"yes\" data-autoplay=\"yes\" data-hide_pagination_control=\"yes\" data-desktop=\"3\" data-desktop_small=\"2\" data-tablet=\"2\" data-mobile=\"1\">\n\t\t\t\t\t\t\t\t<div class=\"testimonials testimonials-slider testimon-style-standard testimon-columns-3 testimon-align-center owl-carousel \" >\n\t\t\t\t\t\n\t\t\t<div class=\"testimonial \" >\n\t\t\t\t<div class=\"testimonial-inner\">\n\t\t\t\t\t\t\t\t\t\t<div class=\"testimonial-content\">\n\t\t\t\t\t\t<div class=\"testimonial-rating\">\n\t\t\t\t\t\t\t<span class=\"star-rating\">\n\t\t\t\t\t\t\t\t<span style=\"width:100%\"><\/span>\n\t\t\t\t\t\t\t<\/span>\n\t\t\t\t\t\t<\/div>\n\t\t\t\t\t\tDefinitivno najbolja majoneza, sve druge na tr\u017ei\u0161tu smo probali ali samo Zvijezdinu kupujemo jer je bez konkurencije.\t\t\t\t\t\t<footer>\n\t\t\t\t\t\t\tIlija\t\t\t\t\t\t\t<span><\/span>\n\t\t\t\t\t\t<\/footer>\n\t\t\t\t\t<\/div>\n\t\t\t\t<\/div>\n\t\t\t<\/div>\n\n\t\t\n\t\t\t<div class=\"testimonial \" >\n\t\t\t\t<div class=\"testimonial-inner\">\n\t\t\t\t\t\t\t\t\t\t<div class=\"testimonial-content\">\n\t\t\t\t\t\t<div class=\"testimonial-rating\">\n\t\t\t\t\t\t\t<span class=\"star-rating\">\n\t\t\t\t\t\t\t\t<span style=\"width:100%\"><\/span>\n\t\t\t\t\t\t\t<\/span>\n\t\t\t\t\t\t<\/div>\n\t\t\t\t\t\tNajbolja je Zvijezda majoneza, ostale su samo kopije. &#x1f4af;&#x2764;\t\t\t\t\t\t<footer>\n\t\t\t\t\t\t\tRenata\t\t\t\t\t\t\t<span><\/span>\n\t\t\t\t\t\t<\/footer>\n\t\t\t\t\t<\/div>\n\t\t\t\t<\/div>\n\t\t\t<\/div>\n\n\t\t\n\t\t\t<div class=\"testimonial \" >\n\t\t\t\t<div class=\"testimonial-inner\">\n\t\t\t\t\t\t\t\t\t\t<div class=\"testimonial-content\">\n\t\t\t\t\t\t<div class=\"testimonial-rating\">\n\t\t\t\t\t\t\t<span class=\"star-rating\">\n\t\t\t\t\t\t\t\t<span style=\"width:100%\"><\/span>\n\t\t\t\t\t\t\t<\/span>\n\t\t\t\t\t\t<\/div>\n\t\t\t\t\t\tNajbolja majoneza bez konkurencije.\t\t\t\t\t\t<footer>\n\t\t\t\t\t\t\tSa\u0161a\t\t\t\t\t\t\t<span><\/span>\n\t\t\t\t\t\t<\/footer>\n\t\t\t\t\t<\/div>\n\t\t\t\t<\/div>\n\t\t\t<\/div>\n\n\t\t\n\t\t\t<div class=\"testimonial \" >\n\t\t\t\t<div class=\"testimonial-inner\">\n\t\t\t\t\t\t\t\t\t\t<div class=\"testimonial-content\">\n\t\t\t\t\t\t<div class=\"testimonial-rating\">\n\t\t\t\t\t\t\t<span class=\"star-rating\">\n\t\t\t\t\t\t\t\t<span style=\"width:100%\"><\/span>\n\t\t\t\t\t\t\t<\/span>\n\t\t\t\t\t\t<\/div>\n\t\t\t\t\t\tSamo Zvijezda &#x2b50; ni jedna druga\t\t\t\t\t\t<footer>\n\t\t\t\t\t\t\tIvana\t\t\t\t\t\t\t<span><\/span>\n\t\t\t\t\t\t<\/footer>\n\t\t\t\t\t<\/div>\n\t\t\t\t<\/div>\n\t\t\t<\/div>\n\n\t\t\n\t\t\t<div class=\"testimonial \" >\n\t\t\t\t<div class=\"testimonial-inner\">\n\t\t\t\t\t\t\t\t\t\t<div class=\"testimonial-content\">\n\t\t\t\t\t\t<div class=\"testimonial-rating\">\n\t\t\t\t\t\t\t<span class=\"star-rating\">\n\t\t\t\t\t\t\t\t<span style=\"width:100%\"><\/span>\n\t\t\t\t\t\t\t<\/span>\n\t\t\t\t\t\t<\/div>\n\t\t\t\t\t\tOdli\u010dna je, u mojoj obitelji ju svi volimo i jedemo ju svaki dan &#x1f970;&#x1f60b;&#x1f60b;&#x1f60b;\t\t\t\t\t\t<footer>\n\t\t\t\t\t\t\tKarmen\t\t\t\t\t\t\t<span><\/span>\n\t\t\t\t\t\t<\/footer>\n\t\t\t\t\t<\/div>\n\t\t\t\t<\/div>\n\t\t\t<\/div>\n\n\t\t\n\t\t\t<div class=\"testimonial \" >\n\t\t\t\t<div class=\"testimonial-inner\">\n\t\t\t\t\t\t\t\t\t\t<div class=\"testimonial-content\">\n\t\t\t\t\t\t<div class=\"testimonial-rating\">\n\t\t\t\t\t\t\t<span class=\"star-rating\">\n\t\t\t\t\t\t\t\t<span style=\"width:100%\"><\/span>\n\t\t\t\t\t\t\t<\/span>\n\t\t\t\t\t\t<\/div>\n\t\t\t\t\t\tNajbolja je, u na\u0161oj ku\u0107i NEZAMJENJIVA. &#x1f642;\t\t\t\t\t\t<footer>\n\t\t\t\t\t\t\tAntonija\t\t\t\t\t\t\t<span><\/span>\n\t\t\t\t\t\t<\/footer>\n\t\t\t\t\t<\/div>\n\t\t\t\t<\/div>\n\t\t\t<\/div>\n\n\t\t\n\t\t\t<div class=\"testimonial \" >\n\t\t\t\t<div class=\"testimonial-inner\">\n\t\t\t\t\t\t\t\t\t\t<div class=\"testimonial-content\">\n\t\t\t\t\t\t<div class=\"testimonial-rating\">\n\t\t\t\t\t\t\t<span class=\"star-rating\">\n\t\t\t\t\t\t\t\t<span style=\"width:100%\"><\/span>\n\t\t\t\t\t\t\t<\/span>\n\t\t\t\t\t\t<\/div>\n\t\t\t\t\t\tVje\u010dni klasik &#x2728;&#xfe0f;\t\t\t\t\t\t<footer>\n\t\t\t\t\t\t\tSandra\t\t\t\t\t\t\t<span><\/span>\n\t\t\t\t\t\t<\/footer>\n\t\t\t\t\t<\/div>\n\t\t\t\t<\/div>\n\t\t\t<\/div>\n\n\t\t\n\t\t\t<div class=\"testimonial \" >\n\t\t\t\t<div class=\"testimonial-inner\">\n\t\t\t\t\t\t\t\t\t\t<div class=\"testimonial-content\">\n\t\t\t\t\t\t<div class=\"testimonial-rating\">\n\t\t\t\t\t\t\t<span class=\"star-rating\">\n\t\t\t\t\t\t\t\t<span style=\"width:100%\"><\/span>\n\t\t\t\t\t\t\t<\/span>\n\t\t\t\t\t\t<\/div>\n\t\t\t\t\t\tJa sam najve\u0107i potro\u0161a\u010d Majoneze, ako izdr\u017ei ona najve\u0107a staklenka tjedan i po&#8217;&#8230;\t\t\t\t\t\t<footer>\n\t\t\t\t\t\t\tDajana\t\t\t\t\t\t\t<span><\/span>\n\t\t\t\t\t\t<\/footer>\n\t\t\t\t\t<\/div>\n\t\t\t\t<\/div>\n\t\t\t<\/div>\n\n\t\t\n\t\t\t<div class=\"testimonial \" >\n\t\t\t\t<div class=\"testimonial-inner\">\n\t\t\t\t\t\t\t\t\t\t<div class=\"testimonial-content\">\n\t\t\t\t\t\t<div class=\"testimonial-rating\">\n\t\t\t\t\t\t\t<span class=\"star-rating\">\n\t\t\t\t\t\t\t\t<span style=\"width:100%\"><\/span>\n\t\t\t\t\t\t\t<\/span>\n\t\t\t\t\t\t<\/div>\n\t\t\t\t\t\tMogla bi je jesti svaki dan, \u0161leper mi ne bi bio dovoljan &#x1f92b;&#x1f92b;&#x1f92b;&#x1f642;&#x1f642;&#x1f642;\t\t\t\t\t\t<footer>\n\t\t\t\t\t\t\tMarija\t\t\t\t\t\t\t<span><\/span>\n\t\t\t\t\t\t<\/footer>\n\t\t\t\t\t<\/div>\n\t\t\t\t<\/div>\n\t\t\t<\/div>\n\n\t\t\n\t\t\t<div class=\"testimonial \" >\n\t\t\t\t<div class=\"testimonial-inner\">\n\t\t\t\t\t\t\t\t\t\t<div class=\"testimonial-content\">\n\t\t\t\t\t\t<div class=\"testimonial-rating\">\n\t\t\t\t\t\t\t<span class=\"star-rating\">\n\t\t\t\t\t\t\t\t<span style=\"width:100%\"><\/span>\n\t\t\t\t\t\t\t<\/span>\n\t\t\t\t\t\t<\/div>\n\t\t\t\t\t\tNema sendvi\u010da bez Zvijezda majoneze &#x2665;&#xfe0f;\t\t\t\t\t\t<footer>\n\t\t\t\t\t\t\tRobi\t\t\t\t\t\t\t<span><\/span>\n\t\t\t\t\t\t<\/footer>\n\t\t\t\t\t<\/div>\n\t\t\t\t<\/div>\n\t\t\t<\/div>\n\n\t\t\t\t\t\t<\/div>\n\t\t\t<\/div>\n\t\t[\/vc_column][\/vc_row][vc_row equal_height=&#8221;yes&#8221; content_placement=&#8221;middle&#8221; css=&#8221;.vc_custom_1682688201054{margin-top: 60px !important;}&#8221;][vc_column width=&#8221;1\/2&#8243; el_class=&#8221;prvidio&#8221;][vc_custom_heading text=&#8221;Koja Zvijezda Delikates majoneza je tvoj br. 1?&#8221; use_theme_fonts=&#8221;yes&#8221; el_class=&#8221;zuti1&#8243;][\/vc_column][vc_column width=&#8221;1\/2&#8243; el_class=&#8221;drugidio&#8221;][vc_single_image image=&#8221;32060&#8243; img_size=&#8221;full&#8221; el_class=&#8221;strelica&#8221;][\/vc_column][\/vc_row][vc_row equal_height=&#8221;yes&#8221; content_placement=&#8221;middle&#8221; row_reverse_mobile=&#8221;1&#8243;][vc_column width=&#8221;1\/2&#8243; el_class=&#8221;trecidio&#8221;][vc_single_image image=&#8221;32061&#8243; img_size=&#8221;full&#8221; alignment=&#8221;right&#8221; el_class=&#8221;strelica&#8221;][\/vc_column][vc_column width=&#8221;1\/2&#8243; el_class=&#8221;cetvrtidio&#8221;][vc_custom_heading text=&#8221;Daj svoj glas u anketi!&#8221; use_theme_fonts=&#8221;yes&#8221; el_class=&#8221;zuti2&#8243;][\/vc_column][\/vc_row][vc_row][vc_column][vc_column_text]        <div class=\"anketa  enabled\">\n            <div id=\"opcija1\" class=\"opcija\">\n                <div class=\"box\">\n                    <img decoding=\"async\" src=\"https:\/\/zvijezda-majoneza-brand-broj-1-u-hrvatskoj.zvijezda.hr\/wp-content\/themes\/basel-child\/images\/opcija1.png\" alt=\"\"\/>\n                                    <\/div>\n            <\/div>\n            <div id=\"opcija2\" class=\"opcija\">\n                <div class=\"box\">\n                    <img decoding=\"async\" src=\"https:\/\/zvijezda-majoneza-brand-broj-1-u-hrvatskoj.zvijezda.hr\/wp-content\/themes\/basel-child\/images\/opcija2.png\" alt=\"\"\/>\n                                    <\/div>\n            <\/div>\n            <div id=\"opcija3\" class=\"opcija\">\n                <div class=\"box\">\n                    <img decoding=\"async\" src=\"https:\/\/zvijezda-majoneza-brand-broj-1-u-hrvatskoj.zvijezda.hr\/wp-content\/themes\/basel-child\/images\/opcija3.png\" alt=\"\"\/>\n                                    <\/div>\n            <\/div>\n            <div id=\"opcija4\" class=\"opcija\">\n                <div class=\"box\">\n                    <img decoding=\"async\" src=\"https:\/\/zvijezda-majoneza-brand-broj-1-u-hrvatskoj.zvijezda.hr\/wp-content\/themes\/basel-child\/images\/opcija4.png\" alt=\"\"\/>\n                                    <\/div>\n            <\/div>\n        <\/div>\n        <script>\n            jQuery(document.body).on('click', '.anketa .opcija', function(){\n                if(jQuery('.anketa').hasClass('enabled')){\n                    jQuery('.anketa').removeClass('enabled');\n                    jQuery('.anketa').addClass('loading');\n                    \n                    var data = {\n                        method: \"POST\",\n                        url: window.location.href,\n                        data: {\n                            anketa: 'glasaj',\n                            anketa_id: jQuery(this).attr('id')\n                        }\n                    };\n                    \n                    jQuery.ajax(data).done(function( html ) {\n                        var rezultat = jQuery('<div \/>').append(html).find('.anketa').html();\n                        jQuery('.anketa').html(rezultat);\n                        jQuery('.anketa').removeClass('loading');\n                        \n                        setTimeout(function(){\n                            jQuery('.anketa').addClass('finished');\n                        }, 100);\n                    });\n                }\n            });\n        <\/script>\n    [\/vc_column_text][\/vc_column][\/vc_row]<\/p>\n<\/section>","protected":false},"excerpt":{"rendered":"<p>[vc_row el_class=&#8221;desktopim&#8221;][vc_column][vc_single_image image=&#8221;32088&#8243; img_size=&#8221;full&#8221; alignment=&#8221;center&#8221;][\/vc_column][\/vc_row][vc_row full_width=&#8221;stretch_row_content_no_spaces&#8221; el_class=&#8221;mobileim&#8221;][vc_column][vc_single_image image=&#8221;32087&#8243; img_size=&#8221;full&#8221; alignment=&#8221;center&#8221;][\/vc_column][\/vc_row][vc_row equal_height=&#8221;yes&#8221; content_placement=&#8221;middle&#8221;][vc_column width=&#8221;1\/2&#8243;][vc_single_image image=&#8221;32057&#8243; img_size=&#8221;full&#8221; alignment=&#8221;center&#8221;][\/vc_column][vc_column width=&#8221;1\/2&#8243;][vc_custom_heading text=&#8221;Zvijezda majoneza najsna\u017eniji<\/p>\n","protected":false},"author":1,"featured_media":0,"parent":0,"menu_order":0,"comment_status":"closed","ping_status":"closed","template":"","meta":{"footnotes":""},"_links":{"self":[{"href":"https:\/\/zvijezda-majoneza-brand-broj-1-u-hrvatskoj.zvijezda.hr\/index.php?rest_route=\/wp\/v2\/pages\/1250"}],"collection":[{"href":"https:\/\/zvijezda-majoneza-brand-broj-1-u-hrvatskoj.zvijezda.hr\/index.php?rest_route=\/wp\/v2\/pages"}],"about":[{"href":"https:\/\/zvijezda-majoneza-brand-broj-1-u-hrvatskoj.zvijezda.hr\/index.php?rest_route=\/wp\/v2\/types\/page"}],"author":[{"embeddable":true,"href":"https:\/\/zvijezda-majoneza-brand-broj-1-u-hrvatskoj.zvijezda.hr\/index.php?rest_route=\/wp\/v2\/users\/1"}],"replies":[{"embeddable":true,"href":"https:\/\/zvijezda-majoneza-brand-broj-1-u-hrvatskoj.zvijezda.hr\/index.php?rest_route=%2Fwp%2Fv2%2Fcomments&post=1250"}],"version-history":[{"count":45,"href":"https:\/\/zvijezda-majoneza-brand-broj-1-u-hrvatskoj.zvijezda.hr\/index.php?rest_route=\/wp\/v2\/pages\/1250\/revisions"}],"predecessor-version":[{"id":32090,"href":"https:\/\/zvijezda-majoneza-brand-broj-1-u-hrvatskoj.zvijezda.hr\/index.php?rest_route=\/wp\/v2\/pages\/1250\/revisions\/32090"}],"wp:attachment":[{"href":"https:\/\/zvijezda-majoneza-brand-broj-1-u-hrvatskoj.zvijezda.hr\/index.php?rest_route=%2Fwp%2Fv2%2Fmedia&parent=1250"}],"curies":[{"name":"wp","href":"https:\/\/api.w.org\/{rel}","templated":true}]}}